ctor of m and 45.
15
Let m = -28 - -63. Let i be ((-7)/((-140)/16))/((8/(-100))/(-1)). What is the highest common divisor of m and i?
5
Let n(k) = -3*k + 14. Let g be n(4). Suppose 4*y - 17 = -1. Suppose -2*b + 16 = 2*b + 4*h, -5*h = y*b - 19. Calculate the greatest common divisor of b and g.
1
Let y = 28 + -10. Suppose 330 = -2*u - u. Let h = u + 254. What is the greatest common factor of y and h?
18
Suppose -408*i + 2576 = 536. What is the greatest common divisor of 2645 and i?
5
Let a(p) be the third derivative of -p**5/30 + p**4 - 17*p**3/6 - 23*p**2 + 3*p. Let r be a(11). What is the greatest common factor of 2 and r?
1
Let v(u) = -2*u**3 - 18*u**2 - 37*u + 24. Let r be v(-10). Calculate the highest common divisor of r and 486.
54
Let o be (4/7)/(288/28 - 60/6). Suppose 0 = 3*w - 3 - 3. What is the greatest common factor of o and w?
2
Let s be (-15 + 10)/(2/(-8238)) + -7 + 3. Calculate the greatest common factor of s and 698.
349
Suppose 9*j - 12*j = 384. Let v = -122 - j. Let c(x) = -27*x. Let i be c(-2). Calculate the greatest common factor of i and v.
6
Suppose 10*m - 9*m - 43*m + 160020 = 0. What is the highest common factor of m and 150?
30
Let u = -205 - -442. Suppose 25*l = 363 + u. What is the greatest common divisor of 18 and l?
6
Let f(w) = 10*w - 98. Let c be f(-20). Let h = 350 + c. Calculate the highest common divisor of h and 26.
26
Suppose 25*r - 27*r - 2*j - 6 = 0, j = 3*r - 7. Calculate the highest common factor of r and 228.
1
Suppose 8866 = 9*d + 4*d. Let o(p) = 84*p + 566. Let w be o(-6). Calculate the highest common divisor of d and w.
62
Suppose -6*a + 6 = -4*a. Suppose 46 = 7*q - a. Suppose 0 = 5*k + 3*h - 2*h, -3*k = 2*h + q. What is the highest common factor of k and 2?
1
Let g be 4/((1 - -5)/144). Suppose -24*d + 32*d = g. Calculate the highest common factor of d and 78.
6
Let a(m) be the third derivative of -m**5/60 + m**4/6 + m**3/3 - 8*m**2. Let z be a(8). Let c = -17 - z. Calculate the greatest common factor of 52 and c.
13
Let p = -48 + 52. Suppose 4*d + r - 10 = 0, 2 = p*d - 0*d + 5*r. Suppose d*n = -2*n + 110. Calculate the highest common divisor of 2 and n.
2
Suppose 0 = 2*a + 4*g - 2578, -5066 = -62*a + 58*a + 2*g. What is the greatest common factor of 697 and a?
41
Suppose 5*v - 4*q = 1657, -2*q - 993 = 23*v - 26*v. Calculate the highest common factor of 1269 and v.
47
Suppose 0 = 2*g + g - 48. Let l be 6/(-3 - -6)*13. Suppose 0 = 2*j - l*j + 768. Calculate the greatest common factor of j and g.
16
Suppose 24444 - 25956 = -21*w. What is the greatest common divisor of w and 1143?
9
Let l(z) = -4*z**2 - 91*z + 179. Let c be l(-23). Calculate the highest common factor of 72 and c.
12
Let u = -3263 + 3542. What is the greatest common divisor of u and 27?
9
Suppose -20*k - 22*k + 5719 = k. What is the highest common divisor of k and 49?
7
Suppose 0 = 4*h + k + 2*k + 328, -4*h + 4*k = 300. Let j = -79 - h. Suppose 2*u - 7*u + 80 = j. Calculate the highest common factor of 8 and u.
8
Let c be (-374581)/(-1002) - 2/(-12). Calculate the highest common divisor of 6545 and c.
187
Suppose -38*n + 1460 - 641 = -2373. What is the highest common divisor of n and 124?
4
Let h(p) = p**3 + 22*p**2 + 2*p + 45. Let r = 59 - 81. Let c be h(r). What is the highest common factor of c and 31?
1
Let t be 43866/189 - -6 - 10/105. What is the highest common factor of 42 and t?
14
Let r(u) = 63*u**3 + 3*u**2 - 61*u + 251. Let a be r(4). What is the greatest common divisor of a and 122?
61
Let c(p) = p**3 + 6*p**2 + 9*p + 2. Let k be c(-3). Suppose 8*d + k*l - 750 = 3*d, -2*d - l = -299. Calculate the greatest common factor of d and 228.
76
Suppose -j = 3*o + 12, -522 = 4*j - 2*o - 558. What is the highest common factor of j and 11478?
6
Suppose 0 = 4*z + 4*g - 20, -5*z + 2*g = 4*g - 19. Suppose -10*c = z*x - 12*c - 899, 0 = -x - 4*c + 295. What is the highest common divisor of x and 13?
13
Let g(j) = -23790*j - 166461. Let h be g(-7). Let a(p) = -p + 368. Let w be a(0). What is the highest common factor of w and h?
23
Let t = -95 - -180. Let i = 8088 + -8054. Calculate the greatest common divisor of i and t.
17
Let j(r) = 27*r**2 - 8*r - 10. Let y be j(-11). Suppose 19*m + 495 = y. What is the highest common factor of 105 and m?
15
Suppose -4274 = 28*d + 546 - 20360. What is the highest common divisor of d and 1770?
15
Suppose 33*w - 38*w - 5*q + 13390 = 0, 3*q = 2*w - 5366. What is the greatest common divisor of 360 and w?
40
Let a(f) = 2*f**2 - 40*f - 56. Let c be a(22). Let s be 4 - ((4 - 8) + 7). Calculate the highest common factor of c and s.
1
Let x = -9068 - -9134. Calculate the greatest common divisor of x and 8250.
66
Let z be (182/(-4))/(-18 + (-130860)/(-7272)). What is the greatest common divisor of 13 and z?
13
Let d(w) = -3*w + 39. Let g be d(13). Suppose 3*u - 3*p + 4*p - 46 = g, 0 = -u + 2*p + 20. Calculate the highest common divisor of u and 2.
2
Let q(c) = 4*c**2 - 45*c + 78. Let o(l) = -2*l**2 + 23*l - 39. Let d(n) = 7*o(n) + 4*q(n). Let v be d(2). What is the highest common divisor of 72 and v?
9
Let x = 80 + -65. Suppose 71 = 4*u + 3*h, x + 50 = 5*u - h. Let k be 169/4 + u/(-56). Calculate the highest common factor of 84 and k.
42
Let f(k) be the first derivative of -3*k**2 - 39*k - 125. Suppose 2*v + 42 = -v. Let o be f(v). What is the highest common factor of o and 9?
9
Let v(o) = -58*o + 4016. Let l be v(69). What is the greatest common factor of l and 126?
14
Suppose -3*v + 72 = -4*t + 117, -4*t + 2*v + 46 = 0. Calculate the greatest common divisor of 12 and t.
12
Suppose -w = -8*t + 5*t + 521, 0 = w - t + 521. Let j = -346 - w. Calculate the highest common divisor of j and 75.
25
Suppose 336 = -40*h + 44*h. Let n = h - 78. What is the highest common factor of 102 and n?
6
Suppose 2*q + 68 = 4*l, 0 = -l + 6*l + 4*q - 72. Suppose 4*p = -l, -f + 5 = 6*p - 4*p. Calculate the highest common factor of f and 299.
13
Let l = -87 + 89. Let h be (-8)/l*2/1*-2. Suppose -2*y + 20 = 3*y, 0 = 4*t + y - 132. Calculate the highest common factor of h and t.
16
Let t(g) = -13*g**3 - g**2 - 3*g - 1. Suppose -3*l + 10 - 1 = 0, -4*s - 2*l = -2. Let a be t(s). Calculate the greatest common factor of 14 and a.
14
Let o be -1 + 4172/21 - 1/(-3). Let h be (-6)/12 - (-5)/2. Suppose 5*q = -5*u + 115, h*q = 5*u + 19 - 8. Calculate the greatest common factor of o and q.
18
Let n(t) = -9*t**2 + 90*t - 59. Let d be n(8). Calculate the greatest common factor of d and 40.
5
Let p be 10*(588/70 - 8). Calculate the greatest common factor of 68 and p.
4
Let p(m) = -2*m**3 + 63*m**2 + 20*m - 19. Let x be p(32). Let v = 418 + x. What is the greatest common factor of 465 and v?
15
Let d(z) = -10*z**3 - 6*z**2 - 12*z - 9. Let q be d(-3). Calculate the highest common factor of q and 18.
9
Suppose 2*q = -3*i + 8 + 2, -2*q - 14 = -3*i. Let l be 3 + 0 - -20 - (-2 + q). What is the greatest common factor of 169 and l?
13
Suppose 4*k + 544 = -2*r, -4*k + 0*r - 572 = -5*r. Let x be 0 + 4 + (10 - k). What is the greatest common divisor of 8 and x?
8
Let t = 217 - 446. Let d = 251 + t. Calculate the highest common divisor of 418 and d.
22
Suppose -36160 - 27452 = -124*y. Calculate the greatest common divisor of 54 and y.
27
Let d be 1/((-48150)/3705 - -13). Calculate the highest common factor of 57 and d.
19
Let g be 11*(-4 - (-6 + 1)). Suppose -g = 6*j - 53. Suppose -28 = -d - 0*d. Calculate the highest common divisor of j and d.
7
Let d(l) = -6*l + 160. Let x be d(26). Suppose 2*i - 3*i + 11 = -p, 0 = -2*i + 5*p + 37. What is the greatest common factor of i and x?
2
Let q be (-25)/(-3) - (-32)/(-96). Let z be (-72)/(-10) - q/(-10). Calculate the highest common factor of z and 104.
8
Suppose 71*b - 79*b = -8. Let o be 1 - -7*b - (24 + -23). What is the greatest common factor of o and 63?
7
Let h(g) = -413*g**3 - 132*g**2 - 488*g + 6. Let a be h(-4). What is the highest common factor of a and 14?
14
Let c = -65903 - -65959. Suppose 3*n - 40 = -2*n. Calculate the greatest common factor of n and c.
8
Let h(j) = j + 109. Let d(f) = -f + 1. Let z(w) = -4*d(w) + h(w). Let i be z(-7). What is the greatest common divisor of 50 and i?
10
Let j(u) = 267*u - 3. Let q be j(1). Suppose -263*i + q*i = 710. What is the highest common divisor of i and 71?
71
Let 